 17, 4787, 5417
What are the prime factors of 77605844?
2, 1277, 15193
What are the prime factors of 836413799?
13, 163, 394721
List the prime factors of 48935973.
3, 23, 709217
List the prime factors of 4605547482.
2, 3, 255863749
What are the prime factors of 181324?
2, 11, 13, 317
List the prime factors of 4965978224.
2, 310373639
What are the prime factors of 37074347?
1117, 33191
What are the prime factors of 1147461416?
2, 1559, 92003
What are the prime factors of 583361527?
7, 349, 238789
List the prime factors of 1486863610.
2, 5, 148686361
What are the prime factors of 109820017?
17, 41, 157561
List the prime factors of 288224431.
11, 23, 1139227
List the prime factors of 6416087642.
2, 523, 6133927
List the prime factors of 958474201.
5791, 165511
What are the prime factors of 4475389574?
2, 367, 6097261
What are the prime factors of 81572584?
2, 2393, 4261
What are the prime factors of 62370232?
2, 823, 9473
List the prime factors of 409004248.
2, 937, 54563
What are the prime factors of 94201021?
2099, 44879
What are the prime factors of 1059279922?
2, 271, 1954391
List the prime factors of 34231043.
7, 11, 419, 1061
List the prime factors of 10014579.
3, 1112731
What are the prime factors of 15613987?
23, 31, 61, 359
What are the prime factors of 1952775181?
7, 278967883
List the prime factors of 6201991395.
3, 5, 827, 18517
What are the prime factors of 2890641127?
11, 23, 11425459
List the prime factors of 20390354.
2, 10195177
What are the prime factors of 14533282?
2, 563, 12907
List the prime factors of 735861081.
3, 245287027
What are the prime factors of 31626711?
3, 3514079
What are the prime factors of 83049671?
3019, 27509
List the prime factors of 831116488.
2, 103889561
What are the prime factors of 89365690?
2, 5, 1301, 6869
List the prime factors of 277668253.
661, 420073
List the prime factors of 332965560.
2, 3, 5, 2774713
What are the prime factors of 3998906888?
2, 15329, 32609
What are the prime factors of 56551225?
5, 2262049
List the prime factors of 183118566.
2, 3, 4447, 6863
What are the prime factors of 5725811843?
23, 248948341
List the prime factors of 3219372569.
7, 17, 3864793
What are the prime factors of 2125204932?
2, 3, 177100411
What are the prime factors of 213752848?
2, 37, 361069
What are the prime factors of 62912549?
7, 8987507
List the prime factors of 328145977.
599, 547823
List the prime factors of 4635961470.
2, 3, 5, 7, 7358669
List the prime factors of 506772119.
7, 1543, 46919
List the prime factors of 217002297.
3, 17, 14723
List the prime factors of 139480886.
2, 17, 4102379
What are the prime factors of 102124520?
2, 5, 2553113
List the prime factors of 257541001.
257541001
List the prime factors of 161141840.
2, 5, 743, 2711
What are the prime factors of 672454342?
2, 7, 1451, 4729
List the prime factors of 18728214.
2, 3, 79, 39511
What are the prime factors of 1015950357?
3, 41, 305917
What are the prime factors of 785673040?
2, 5, 163, 60251
What are the prime factors of 480585169?
101, 4758269
What are the prime factors of 923811279?
3, 743, 414451
What are the prime factors of 4194841?
7, 59, 1451
What are the prime factors of 476589264?
2, 3, 9928943
What are the prime factors of 41432708?
2, 10358177
List the prime factors of 127667173.
127667173
What are the prime factors of 23627052?
2, 3, 72923
What are the prime factors of 587915974?
2, 19, 41, 377353
What are the prime factors of 1318757418?
2, 3, 11, 6660391
What are the prime factors of 187229348?
2, 547, 85571
List the prime factors of 3610121765.
5, 53, 13623101
What are the prime factors of 37157146?
2, 13, 73, 19577
What are the prime factors of 50672436?
2, 3, 4222703
List the prime factors of 402990237.
3, 13, 59, 58379
What are the prime factors of 410525390?
2, 5, 11, 23, 162263
List the prime factors of 3253700292.
2, 3, 263, 1030957
What are the prime factors of 60217225?
5, 2408689
What are the prime factors of 26680816?
2, 1667551
List the prime factors of 2438491762.
2, 7, 24882569
List the prime factors of 39832950.
2, 3, 5, 29, 9157
What are the prime factors of 424707181?
47, 541, 16703
What are the prime factors of 319327776?
2, 3, 31, 47, 761
What are the prime factors of 100276837?
1087, 92251
What are the prime factors of 2423644943?
137, 1487, 11897
What are the prime factors of 1315725016?
2, 59, 2787553
List the prime factors of 120444476.
2, 2393, 12583
What are the prime factors of 560270124?
2, 3, 487, 31957
What are the prime factors of 822176901?
3, 7, 13, 1003879
What are the prime factors of 1869315755?
5, 2221, 168331
List the prime factors of 612170892.
2, 3, 5668249
List the prime factors of 11433886.
2, 5716943
List the prime factors of 468065625.
3, 5, 49927
List the prime factors of 22409093.
7, 3201299
List the prime factors of 176473012.
2, 59, 379, 1973
List the prime factors of 89942519.
3821, 23539
What are the prime factors of 89530772?
2, 17, 29, 83, 547
What are the prime factors of 412646649?
3, 59, 2331337
List the prime factors of 188117362.
2, 31, 3034151
What are the prime factors of 7151835243?
3, 7, 331, 1028893
List the prime factors of 43322827.
431, 100517
List the prime factors of 465839641.
191, 223, 10937
What are the prime factors of 625539760?
2, 5, 37, 233, 907
What are the prime factors of 99936638?
2, 49968319
List the prime factors of 294197538.
2, 3, 1367, 35869
List the prime factors of 2299614294.
2, 3, 383269049
What are the prime factors of 76973385?
3, 5, 997, 5147
What are the prime factors of 890563316?
2, 317, 702337
What are the prime factors of 3403861159?
17, 89, 2249743
List the prime factors of 234040617.
3, 23, 103, 3659
List the prime factors of 218360612.
2, 1123, 48611
List the prime factors of 15818549.
23, 59, 11657
What are the prime factors of 1728618308?
2, 557, 775861
List the prime factors of 41334587.
7, 37, 3257
List the prime factors of 34822976.
2, 544109
What are the prime factors of 78168772?
2, 11, 389, 4567
List the prime factors of 5199938438.
2, 29, 53, 211, 8017
List the prime factors of 505298638.
2, 13, 23, 139, 6079
What are the prime factors of 544192142?
2, 13, 20930467
What are the prime factors of 1217152087?
1217152087
List the prime factors of 2844287722.
2, 1422143861
What are the prime factors of 50312434?
2, 61, 412397
What are the prime factors of 3844497712?
2, 11, 79, 276503
What are the prime factors of 238700443?
137, 1742339
What are the prime factors of 126042481?
126042481
What are the prime factors of 351087902?
2, 11, 15958541
What are the prime factors of 945159893?
945159893
What are the prime factors of 3857715945?
3, 5, 61, 1405361
List the prime factors of 713737665.
3, 5, 15860837
List the prime factors of 2746710050.
2, 5, 7, 31, 253153
List the prime factors of 889989718.
2, 444994859
List the prime factors of 1292198337.
3, 143577593
What are the prime factors of 3332255654?
2, 7, 13, 18309097
What are the prime factors of 1271630527?
1271630527
List the prime factors of 6181751311.
6181751311
List the prime factors of 64206197.
11, 5836927
What are the prime factors of 608407492?
2, 7, 11, 17, 131, 887
What are the prime factors of 55790445?
3, 5, 1747, 2129
What are the prime factors of 39394175?
5, 1575767
What are the prime factors of 136972809?
3, 5073067
What are the prime factors of 102929791?
617, 166823
List the prime factors of 1690541320.
2, 5, 13, 67, 48523
List the prime factors of 19416973.
19416973
What are the prime factors of 849357680?
2, 5, 47, 397, 569
List the prime factors of 3961398645.
3, 5, 1069, 82349
List the prime factors of 4044095734.
2, 7, 43, 959681
What are the prime factors of 9932225?
5, 397289
List the prime factors of 9408383.
29, 324427
What are the prime factors of 836784487?
7, 11, 71, 269, 569
What are the prime factors of 148828235?
5, 19, 1566613
What are the prime factors of 1547033773?
149, 10382777
List the prime factors of 6872000.
2, 5, 859
List the prime factors of 3822618878.
2, 13, 17, 8648459
List the prime factors of 851121320.
2, 5, 7, 17, 178807
List the prime factors of 62491423.
62491423
What are the prime factors of 28377655?
5, 73, 77747
List the prime factors of 2355236013.
3, 13, 173, 349079
What are the prime factors of 2019